 Let j(b) = -8*b + b - 3 + s*b. Let v be j(-6). Calculate the highest common factor of 3 and v.
3
Suppose 0 = 42*u - 41*u - 44. Calculate the highest common divisor of u and 341.
11
Let y(v) = -v**3 + 48*v**2 - 45*v - 46. Let a be y(47). Calculate the highest common divisor of a and 348.
12
Let v(r) = -15*r - 17. Let t be v(-3). Suppose -2*i + 7*i + 20 = 0. Let o be i/(-10) + 66/10. What is the greatest common factor of t and o?
7
Let o(b) = 3*b - 9. Let g be o(3). Suppose 10*l + f - 50 = 5*l, g = 4*l + 2*f - 40. Calculate the greatest common divisor of l and 60.
10
Let u(q) be the first derivative of -q**2 + 19*q - 13. Let c be u(-13). Calculate the highest common divisor of c and 60.
15
Suppose u - 3*r = 7, -r - 26 = 2*u - 5. Let l = u + -10. Let n be 0 - (l + (2 - 1)). What is the greatest common factor of n and 153?
17
Let c be 1 - 4 - (-1 - 5). Let m be ((-2970)/(-72))/(c/8). What is the greatest common factor of m and 10?
10
Let f(c) = -c**3 + c**2 - 1. Let u be f(-2). Calculate the greatest common divisor of u and 979.
11
Let x be 38/((6 - 7) + 3). Calculate the greatest common factor of x and 19.
19
Let z(y) = y**2 + 5*y + 9. Let a be 9/(-6) + (-14)/4. Let t be z(a). What is the greatest common divisor of t and 27?
9
Let b be (6/(-4))/(12/(-1720)). Let t(s) = 44*s**2 - 2*s + 1. Let p be t(1). What is the highest common divisor of p and b?
43
Suppose 0 = -f + 3*f. Suppose k = -f*k + 70. Suppose a = -4*a + k. Calculate the highest common divisor of a and 2.
2
Let c(d) = -8 - 6 - 26 + 4 - 16*d. Let a be c(-3). Let l = -144 - -240. Calculate the greatest common factor of l and a.
12
Suppose 3*w - u = 15, 0 = 85*w - 85*w - 4*u. Suppose -b = g - 51, 4*b + 4 = 3*b. What is the greatest common factor of g and w?
5
Let n(k) = k**2 + 12*k - 24. Let g be n(5). Let j = g + -45. Let c = 107 - 75. What is the greatest common divisor of c and j?
16
Suppose -198*z + 197*z + 175 = 0. What is the highest common divisor of z and 25?
25
Let s be 14 + (-12661)/(-22) - (-1)/2. Calculate the greatest common divisor of s and 10.
10
Let q(g) = -g**3 + 10*g**2 - 8*g - 55. Let o be q(7). What is the highest common factor of o and 18?
18
Let m = -10 + 12. Let z be (-41)/(m*(-3)/12). Let u be 4/6 + z/3. Calculate the highest common divisor of 70 and u.
14
Let x(k) = -3*k**2 - 45*k + 2. Let j be (-2)/(-5) + (-2541)/165. Let v be x(j). Calculate the highest common factor of v and 7.
1
Suppose -3 = 3*m - 18, 0 = -5*v + 5*m + 5. Suppose n + 2*n = 54. What is the highest common divisor of n and v?
6
Let m(f) = 1006*f**2 + 9*f - 8. Let k be m(1). Calculate the highest common factor of 19 and k.
19
Suppose -4*u = -3*s + 43 - 20, 0 = 2*s + 5*u + 23. Calculate the highest common divisor of 1 and s.
1
Let j be (24/15)/(-4 + 5754/1435). Calculate the highest common divisor of j and 123.
41
Let c be (-4)/(-18) - (106288/63)/(-13). Suppose 5*v - c = 5. What is the greatest common divisor of v and 108?
27
Let v(h) = -3*h + 2. Let n be v(-3). Let r = -107 - -184. Calculate the highest common divisor of r and n.
11
Suppose -14 + 19 = 5*r. Let d be 11 - ((-50)/20 + r/(-2)). Calculate the highest common factor of 70 and d.
14
Let g = 1 - -13. What is the highest common divisor of 14 and g?
14
Suppose 2*y - 5*i - 8 = -i, 0 = -3*i - 6. Suppose y = 5*k - 17 - 18. Let p = 31 + 46. What is the greatest common factor of p and k?
7
Suppose -2*g - 14 + 218 = 0. Let i = 170 - 153. Calculate the greatest common divisor of i and g.
17
Let r be 23 + -18 + 0 + -3. Let c be 33 - (2 - r - 3). Suppose -6*p + p + y = -88, 4*p - 5*y = 62. Calculate the greatest common factor of p and c.
18
Suppose 2*d = -5*f + d + 25, 0 = d. Let j(p) = p**2 - 7*p + 6. Let a be j(f). Let b be ((-2)/6)/(a/48). What is the greatest common divisor of 4 and b?
4
Suppose 99 = 2*s - a, 4*s = -5*a + 42 + 149. Let o = 82 - s. Let c = o + -9. Calculate the greatest common factor of c and 8.
8
Let z = -50 + 102. Let i(r) = 8*r + 292. Let x be i(-36). Calculate the greatest common factor of x and z.
4
Let p(d) = d**2 + 12*d + 9. Let n be p(-11). Let c be n/(-9) + 488/72. Calculate the highest common divisor of c and 42.
7
Let h be (-1)/(((-16)/(-520))/(4/(-5))). Suppose -20*t + h*t = 48. Calculate the greatest common divisor of t and 104.
8
Let k(t) = t**3 + 21*t**2 + 17*t - 1. Let r be k(-20). Calculate the highest common factor of 413 and r.
59
Let u be 77/7 - (-11)/1. Calculate the greatest common factor of u and 891.
11
Let j(l) = -l + 13. Let p be j(11). Suppose -p*h + 39 = 3*i + 3*h, -12 = -4*h. Calculate the highest common divisor of i and 20.
4
Let o = -4 - -4. Suppose -3*n + o*n = -4*y - 16, -5 = -n + y. Suppose 37 - 181 = -4*k. Calculate the greatest common factor of n and k.
4
Suppose 3*y = 5 + 13. Suppose 4*d = 58 - y. Let c = d + -5. Calculate the greatest common divisor of 56 and c.
8
Let l be 8/20 + 152/20. Suppose q = l*q - 476. Suppose -6*w + q = -2*w. What is the highest common divisor of 85 and w?
17
Suppose 13*i = 522 + 492. Calculate the greatest common factor of i and 1014.
78
Let l be 3/1 - -31 - -1. Calculate the greatest common divisor of l and 20.
5
Let f(l) = -36*l - 315. Let b be f(-26). Calculate the greatest common divisor of b and 54.
27
Suppose 2*n + 2*u - 104 = 0, -46*n + 3*u - 213 = -50*n. What is the highest common divisor of n and 551?
19
Let p(d) = -80*d - 22. Let j be p(-3). Let w = -128 + j. Calculate the highest common factor of w and 27.
9
Let y(m) = 28*m - 128. Let z be y(8). What is the greatest common factor of 6 and z?
6
Suppose -2*y + 8 = -2*f, 3*f + 2*f - 43 = -4*y. Let a(n) = n**3 - 8*n**2 + 11*n - 10. Let q be a(y). Calculate the highest common divisor of q and 72.
18
Let g(w) = w**2 - 3*w. Let q be g(3). Let r be (18 - (q - -2)) + 2. What is the greatest common factor of 12 and r?
6
Let m = 919 + -864. Let b(j) = 7*j + 5. Let c be b(4). Calculate the highest common factor of m and c.
11
Let r be 2/1*((-15)/(-10) + 0). Suppose 5*g - r*p - 47 = 0, -p - 4*p - 20 = 0. Calculate the highest common factor of 49 and g.
7
Let l(f) = -5*f + 2*f**2 - 28 + 7*f + 16*f. Let p be l(-12). What is the greatest common divisor of 11 and p?
11
Let t(l) = 11*l**2 - 20*l - 101. Let u be t(-6). What is the highest common factor of u and 83?
83
Let o = -50 - -56. Suppose -o*s + 345 = -495. Calculate the greatest common factor of s and 20.
20
Let h = -80 + 83. Let q be 21*11*(-2 + h). What is the greatest common divisor of q and 21?
21
Let w be 4*(-3 - -2) - -7. Suppose 6*l - 5*l - w = 0. Calculate the highest common divisor of l and 3.
3
Suppose -1092 = -24*t - 15*t. What is the greatest common factor of t and 1260?
28
Suppose -11 = -2*a + 1. Suppose 5 = -p + a*p. Let z be p/(-2)*(-46 - 6). Calculate the greatest common divisor of z and 39.
13
Let x(g) = -g - 20. Let b be x(-14). Let h be (8/b)/((-4)/24). What is the highest common factor of 1 and h?
1
Let d(n) = n**3 - 3*n**2 + 2*n - 4. Let r be d(3). Suppose -34*h + 610 = 66. Calculate the greatest common factor of h and r.
2
Suppose -497*d - 36 = -499*d. Suppose 5*g + 7 = 3*c - 6, -4*c + 21 = -3*g. Calculate the greatest common divisor of d and c.
6
Let n be (0 - (3 + -8)) + -4 + 4. Suppose 332 = 2*t + 5*u, 2*u + 692 = 4*t + n*u. Calculate the highest common divisor of 11 and t.
11
Let p = 27 - 11. Let c = p - 11. Let m be (c/(-10))/((-1)/46). What is the greatest common factor of m and 115?
23
Suppose i = -m + 2*m + 38, 5*i = -m + 190. Calculate the greatest common divisor of 266 and i.
38
Let b(k) = 3*k + 24. Let d be b(12). Let w be (5/2)/(d/(-16) + 4). Calculate the greatest common divisor of w and 1.
1
Suppose -48 = -3*l + 11*w, -l + 15*w + 16 = 17*w. What is the highest common divisor of l and 208?
16
Let i = 101 + -94. Let b(l) = 3*l**2 - 13*l - 17. Let k be b(i). Calculate the greatest common divisor of k and 26.
13
Let b(k) = 2*k**2 + 10*k - 1. Let v be b(-7). Suppose -45 + 117 = 4*c. What is the greatest common divisor of c and v?
9
Let k(l) = 675*l + 9. Let u be k(1). Calculate the highest common divisor of 76 and u.
76
Suppose 0 = -2*l + 6 + 4. Suppose 3 = l*g - 7. Calculate the greatest common factor of g and 2.
2
Let t be (2 + 382)*(-10 - -13). Calculate the greatest common factor of t and 72.
72
Let o(m) = -m**2 - 5*m + 9. Let y